8. What is the hundreds digit of a(-34)?
0
Let k(z) be the third derivative of -3*z**4/4 - 75*z**3/2 - 134*z**2. What is the tens digit of k(-25)?
2
Suppose 132 = 5*x + 6*x. Suppose -6314 = b - x*b. What is the hundreds digit of b?
5
Let y(s) = -12*s**3 + 6*s**2 + 10*s - 12. Suppose -4*o = -5*p + 36, -5*o + 2*p = -2*o + 20. What is the units digit of y(o)?
2
Suppose -s - 1180 = -3*t, -3*t + 772 = -t + 3*s. Suppose -t = -h - 4*x, 5*h - 4*x = 7*h - 784. What is the tens digit of h?
9
Suppose -61380 = -2*d - 2*v + 394, -92653 = -3*d - 5*v. What is the thousands digit of d?
0
Let v(l) = -l**3 + 11*l**2 - 12*l + 16. Let i be v(10). Let y be (((-6)/i)/(-1))/(33/(-704)). Suppose y = b - 127. What is the tens digit of b?
5
Suppose 5*r - 36714 = -4*v, 626*v - 45831 = 621*v + 4*r. What is the hundreds digit of v?
1
Suppose 0 = -2*c + 2*g - 2, -3*c + 0*c - 2*g = -22. Suppose 4*n = 2*m - 3*m + 1876, 0 = 3*m + c*n - 5628. What is the tens digit of 14/35 - m/(-10)?
8
What is the hundreds digit of 16/(-24)*(-37532 - (0 + 10))?
0
Suppose -5*r = 5*q - 64635, -32*r - 18 = -35*r. What is the units digit of q?
1
Suppose 0 = 272*t + 85*t + 104*t - 32902953. What is the thousands digit of t?
1
Let k(q) = 181*q - 19. Let h be k(4). Let n = -189 + h. What is the units digit of n?
6
Let w(t) be the first derivative of -11*t**2 - 18*t + 885. Suppose -s - 8 = s. What is the tens digit of w(s)?
7
Let j(o) = -o**3 - o**2 - 10*o - 37. Suppose -4*a + 11 = -4*z + a, -13 = 4*z - 3*a. What is the units digit of j(z)?
1
What is the ten thousands digit of (-104 + 4580)*(-20)/(-8)?
1
What is the hundreds digit of (-22)/(308/42) - -41877?
8
Suppose 5*b - 3243 = -10708. Let y = -716 - b. What is the hundreds digit of y?
7
What is the ten thousands digit of (-78426)/15*(-95)/38?
1
Let z(x) = 2*x + 52. Let p be z(-31). What is the hundreds digit of (p/(-2))/(14/1274)?
4
What is the ten thousands digit of 147/392 - (0 - (-932751)/(-24))?
3
Let s be 3/(-9) + (-8)/3. Let f be (18/2)/(s/(-2)). Suppose 4*j - 311 = f*n - n, -2*j + 136 = 4*n. What is the tens digit of j?
7
Let m(r) = -86*r + 13516. What is the hundreds digit of m(0)?
5
Let w(q) = 16 + q + 27*q**3 - 60*q**3 - 20*q**2 + 32*q**3. Let b be w(-20). What is the tens digit of ((-8)/b)/(-6)*-123?
4
Let y(b) = -60*b**3 + 40*b**2 - 66*b - 534. What is the thousands digit of y(-10)?
4
Suppose 4*q = -3*t + 17194, -6*t = 3*q - 3*t - 12900. What is the hundreds digit of q?
2
Suppose -4*a + 2*j + 26 = 0, 6 = 4*a + 3*j - 45. Suppose -12 + 3 = -a*g. What is the units digit of (-3)/(-12) + g + (-302)/(-8)?
9
Let w be 32/2*27/3. Suppose -6*h + 4*h = -w. Let y = h - 45. What is the tens digit of y?
2
Let p = -71 - -74. Let q be p + (-12)/36 + (-335)/3. Let o = q + 189. What is the tens digit of o?
8
Suppose 5*n + 2*h - 15 = -3*h, -4*n + 24 = -2*h. Suppose -b + 18 = n*z, -4*z + 3*z - 3 = -2*b. What is the units digit of 147/z + -2 + 0?
7
Let f(w) = 2*w + 22. Let h be f(-15). Let c be -10 - h/(-3 - -7). Let o(a) = a**2 + 4*a + 8. What is the units digit of o(c)?
0
What is the units digit of 1 + (-7 - -25) + -9 + 5577?
7
Suppose -y = 14*y + 105. Let t be (y + (-918)/(-12))/(2/8). Suppose 4*c - 2*w - t = 0, -3*c + w = 6*w - 202. What is the tens digit of c?
6
Let q be (9 - 1157/65)/(2/(-65)). Let k = 265 + q. What is the units digit of k?
1
Suppose -f - 4*n = -4618, 9*f - 13854 = 6*f - n. Suppose 9*y = f + 638. What is the hundreds digit of y?
5
What is the units digit of (11992 + -1)*((-9 - 18/27) + 10)?
7
Let f(g) = g**2 + 4*g + 30. Let o be f(-20). Suppose 4 = -k + 2*k. Suppose o + 550 = k*v. What is the tens digit of v?
2
What is the hundreds digit of 1/(-2) + (-150973)/(-86)?
7
Let q(u) = -2*u**3 - 148*u**2 + 577*u - 86. What is the thousands digit of q(-78)?
3
Suppose 1166 = 2*v + 3*v + 3*h, -2*h = -4. Suppose -3*d = d - v. Let x = d + -47. What is the tens digit of x?
1
Suppose -10648 = -5*o + o - 4*h, 2*o + 4*h = 5334. What is the tens digit of o?
5
Let n = 105 + -71. Let t = 6 - n. Let b = t + 37. What is the units digit of b?
9
Suppose -4*a + 8 = -o + a, -5*o = -5*a. Let f be 288/54 + 14/(-6) + o. Suppose 4*t = -f*y + 83, -2*t - 4*y + 46 = -0*t. What is the units digit of t?
7
Suppose 2*s + 98767 = 5*h - 326006, -4*h - 4*s = -339796. What is the hundreds digit of h?
9
Suppose -22*p = -23*p + 2*j + 6180, j = p - 6174. What is the units digit of p?
8
Suppose 4*l - 25 = f, l + 4*l = 5. Let p(z) = -19*z - 14. Let m be p(4). Let u = f - m. What is the tens digit of u?
6
Let s(w) = -w**2 + 10*w - 21. Let n be s(6). Let a = 21 - 5. Suppose -n*f - 2*t = -a, 4*f - 2*f - 15 = 3*t. What is the units digit of f?
6
Let r(z) = -z - 19. Let f be r(-5). Let a = f - -20. Suppose -634 = -4*d - a. What is the tens digit of d?
5
Let t be 2/27 + (-1411)/459. What is the tens digit of 2/t - 129745/(-231)?
6
Let i(q) = 13*q**2 + 10*q - 5. Suppose -3*m = v - 15, 2*m - 14 = 8*v - 10*v. What is the tens digit of i(m)?
4
Let x = -7238 + 42141. What is the hundreds digit of x?
9
What is the units digit of (1 - 18949)/(-10 + (-14)/(-7) + 6)?
4
Let r be (-2)/(-6) - (-12356)/(-48)*-4. Suppose -14*j = -4094 - r. What is the units digit of j?
6
Let v be (342/(-95))/(2/(-1445)). Suppose -3*n - g + v = -0*g, 0 = -3*n + 5*g + 2601. What is the units digit of n?
7
Let z be 120/90 + (-1484)/6. Let o = 368 + z. What is the hundreds digit of o?
1
Let l(w) = -55*w + 1. Suppose 2*p - 23 = -3*i, 5*i - 4*p - 30 - 23 = 0. Let z be (-2 + 12/i)/(4/6). What is the tens digit of l(z)?
5
Let w = -21 - -561. Suppose -f + w = -6*f. What is the tens digit of (9 - f)*(-3)/(-9)?
3
Suppose -6*d = 613 + 95. Let x = d - -473. What is the units digit of x?
5
Suppose -5*q - 5*a - 95 = 0, -4*a + 20 = q - 3*q. Let y be (-6)/(-2) + 13 + q. Suppose -2*u = 5*m - 317, -m - 725 = -5*u - y*u. What is the tens digit of u?
4
Let u(a) = 109*a**2 - 2*a - 2. Let i(o) = o**2 - o - 10. Let j be i(4). Let x be 1/(j + 12/(-8)) + -3. What is the hundreds digit of u(x)?
1
What is the units digit of 5138 + 27 - (-15)/(-12)*4?
0
Let s(b) = 115*b - 594. What is the hundreds digit of s(11)?
6
Suppose -10*v = -0*v + 6090. Let n = 959 + v. What is the units digit of n?
0
Suppose -2*a + 127105 = -3*o, 13*a + 4*o + 254212 = 17*a. What is the thousands digit of a?
3
Suppose 300*u + 134521 = 341*u. What is the units digit of u?
1
Let x(m) = -6*m**2 + 14*m - 46. Let t(s) = -2*s**2 + 5*s - 16. Let v(a) = 8*t(a) - 3*x(a). What is the units digit of v(-11)?
4
Suppose -135*f = -130*f + 15, 5*f = -2*c + 857. What is the units digit of c?
6
Let g(l) = -l**2 - 7*l - 18. Let f(v) = -v - 1. Let z(n) = 6*f(n) - g(n). Let m be z(-5). Let d = m - -6. What is the tens digit of d?
3
Let q = -10950 + 32813. What is the ten thousands digit of q?
2
Suppose -3*s + 4*q - 2094 = 0, -5*q = -10*q + 15. Let m = -424 - s. What is the tens digit of m?
7
Suppose -6*v - 3*p = -2*v - 12620, 0 = -3*v + 3*p + 9444. What is the hundreds digit of v?
1
Let q be (-2)/(-6)*(0 - (-5 - 1)). Suppose t = -q*r + 735, -r - 13*t + 372 = -14*t. What is the tens digit of r?
6
Let j be -3*(4/(-7) - (-1054)/7). Let o = 101 - j. What is the units digit of o?
1
Let h be ((-130)/(-4))/((-2)/(-8)). Let v = 348 - h. What is the hundreds digit of v?
2
Let y(v) = 41*v**2 - 68*v - 347. What is the thousands digit of y(-27)?
1
Let k = 184 - 193. Let t(i) = 17*i**2 + 63*i - 14. What is the tens digit of t(k)?
9
Suppose 3*h - t = 0, -8*h + 6*h = 3*t. Suppose -g = 5, 4*g - 15180 = -5*v - 0*v. Suppose h = -13*f - 271 + v. What is the units digit of f?
3
Suppose 4*p + 20 = 5*d, -p - 3*p - 3*d = -12. Suppose p = 3*h + 5*a - 20, -21*a + 19*a + 50 = 4*h. What is the tens digit of h?
1
Let j(x) = 2*x**2 + 4*x - 20. Let v be j(-5). Let l = v - 8. Suppose -3*o = 5*i - i - 91, l*i = -3*o + 89. What is the units digit of o?
9
Let c = 17638 - 10541. What is the tens digit of c?
9
Let f be (3 + (-13 - 1) + -1)/(-2). Let q be ((-39)/(-117))/((-4)/f + 1). What is the units digit of 107/(q/(-4)*(3 + -7))?
7
Let u = 24969 + -13145. What is the thousands digit of u?
1
Suppose -81 = -10*k - 17*k. What is the tens digit of (k - 22/8) + (-702)/(-8)?
8
Suppose -s + 0 = -4. Suppose -5*t + 4*x + 22 = 0, 4*x = -2*t - 4 - s. What is the units digit of -3*(-3 + (0 - t - 40))?
5
Let k(y) = -6 + 2*y**3 + 